{"id":1028,"date":"2020-05-26T23:44:39","date_gmt":"2020-05-26T23:44:39","guid":{"rendered":"https:\/\/www.gem.pt\/@teste\/?page_id=1028"},"modified":"2020-09-24T11:26:43","modified_gmt":"2020-09-24T11:26:43","slug":"projeto-espeleologico-valongo","status":"publish","type":"page","link":"https:\/\/www.gem.pt\/1\/projetos\/projeto-espeleologico-valongo\/","title":{"rendered":"Projeto Espeleol\u00f3gico Valongo"},"content":{"rendered":"\t\t<div data-elementor-type=\"wp-page\" data-elementor-id=\"1028\" class=\"elementor elementor-1028\">\n\t\t\t\t\t\t<section class=\"elementor-section elementor-top-section elementor-element elementor-element-38ede328 elementor-section-boxed elementor-section-height-default elementor-section-height-default\" data-id=\"38ede328\" data-element_type=\"section\" data-e-type=\"section\">\n\t\t\t\t\t\t<div class=\"elementor-container elementor-column-gap-default\">\n\t\t\t\t\t<div class=\"aux-parallax-section elementor-column elementor-col-100 elementor-top-column elementor-element elementor-element-297eb977\" data-id=\"297eb977\" data-element_type=\"column\" data-e-type=\"column\">\n\t\t\t<div class=\"elementor-widget-wrap elementor-element-populated\">\n\t\t\t\t\t\t<div class=\"elementor-element elementor-element-2c266a0e elementor-widget elementor-widget-text-editor\" data-id=\"2c266a0e\" data-element_type=\"widget\" data-e-type=\"widget\" data-widget_type=\"text-editor.default\">\n\t\t\t\t<div class=\"elementor-widget-container\">\n\t\t\t\t\t\t\t\t\t<p><span style=\"font-family: Questrial; font-size: 10px; letter-spacing: normal; white-space: pre-line;\">\u00a0<\/span><\/p><p><span style=\"letter-spacing: normal; caret-color: #444444; color: #444444; font-family: Questrial; font-size: 30px; white-space: pre-line;\">Projeto Espeleol\u00f3gico-Valongo<\/span><br \/><span style=\"letter-spacing: normal; caret-color: #e78b00; color: #e78b00; font-family: Questrial; font-size: 20px; white-space: pre-line;\">Contributo para o conhecimento do patrim\u00f3nio mineiro do concelho de Valongo &#8211; explora\u00e7\u00e3o espeleol\u00f3gica da vertente Nordeste da Serra de Sta. Justa<\/span><br \/><strong style=\"letter-spacing: normal; caret-color: #444444; color: #444444; font-family: Questrial; font-size: 12px; white-space: pre-line;\">Entidade<\/strong><span style=\"letter-spacing: normal; caret-color: #444444; color: #444444; font-family: Questrial; font-size: 12px; white-space: pre-line;\">:\u00a0GEM &#8211; Grupo de Espeleologia e Montanhismo<\/span><br style=\"letter-spacing: normal; font-family: Questrial; font-size: 12px; white-space: pre-line;\" \/><strong style=\"letter-spacing: normal; caret-color: #444444; color: #444444; font-family: Questrial; font-size: 12px; white-space: pre-line;\">Coordena\u00e7\u00e3o<\/strong><span style=\"letter-spacing: normal; caret-color: #444444; color: #444444; font-family: Questrial; font-size: 12px; white-space: pre-line;\">:\u00a0(N3) Pedro Aguiar, (N2) Andr\u00e9 Leite, (N2) Eduardo Vieira, (N2) Pedro Ferreira<\/span><span style=\"letter-spacing: -0.2px;\">\u00a0<\/span><\/p><div style=\"text-align: left;\"><hr \/><\/div><div>\u00a0<\/div><div><span style=\"caret-color: #e78b00; color: #e78b00; font-size: 20px; font-family: Questrial; letter-spacing: normal; white-space: pre-line;\">Introdu\u00e7\u00e3o<\/span><\/div><div style=\"text-align: left;\"><div style=\"letter-spacing: normal; margin: 0px; padding: 0px; font-family: Questrial; text-align: justify; white-space: pre-line; line-height: 1.6;\" data-line-height=\"1.6\">Valongo, Paredes e Gondomar, s\u00e3o tr\u00eas conselhos parcialmente inseridos no distrito mineiro Durico-Beir\u00e3o, alvo de explora\u00e7\u00f5es mineiras, pelo menos, desde o per\u00edodo de ocupa\u00e7\u00e3o romana at\u00e9 meados do s\u00e9c.XX. Ao longo deste per\u00edodo, com mais de 2000 anos, v\u00e1rias minas t\u00eam sido abertas, retrabalhadas e posteriormente abandonadas, deixando vest\u00edgios de minera\u00e7\u00e3o, tanto \u00e0 superf\u00edcie como em subsolo.<\/div><div style=\"letter-spacing: normal; margin: 0px; padding: 0px; font-family: Questrial; text-align: justify; white-space: pre-line; line-height: 0.5;\" data-line-height=\"0.5\">\u00a0<\/div><div style=\"letter-spacing: normal; margin: 0px; padding: 0px; font-family: Questrial; text-align: justify; white-space: pre-line;\">Atualmente, para uma por\u00e7\u00e3o de territ\u00f3rio do concelho de Valongo, encontra-se concedido a algumas empresas, o direito de prospe\u00e7\u00e3o e pesquisa de dep\u00f3sitos minerais (Extrato 591\/2013, DR 189, 2\u00aa S\u00e9rie de 01-10-2013).<\/div><div style=\"letter-spacing: normal; margin: 0px; padding: 0px; font-family: Questrial; text-align: justify; white-space: pre-line; line-height: 0.5;\" data-line-height=\"0.5\">\u00a0<\/div><div style=\"letter-spacing: normal; margin: 0px; padding: 0px; font-family: Questrial; text-align: justify; white-space: pre-line;\">A cartografia da minera\u00e7\u00e3o no concelho de Valongo n\u00e3o se encontra compilada e \u00e9 parcialmente desconhecida. S\u00f3 temos encontrado descri\u00e7\u00f5es dos trabalhos a partir do s\u00e9c.XVIII, e a maioria refere, \u00e0 \u00e9poca e de forma muito vaga, a exist\u00eancia de trabalhos mais antigos.<\/div><div style=\"letter-spacing: normal; margin: 0px; padding: 0px; font-family: Questrial; text-align: justify; white-space: pre-line; line-height: 0.5;\" data-line-height=\"0.5\">\u00a0<\/div><div style=\"letter-spacing: normal; margin: 0px; padding: 0px; caret-color: #000000; color: #000000; font-family: Questrial; text-align: justify; white-space: pre-line;\">Investiga\u00e7\u00f5es relativas a trabalhos de minera\u00e7\u00e3o em jazigos prim\u00e1rios em subsolo, no \u00e2mbito da espeleologia inseridos na revis\u00e3o do Plano Diretor Municipal de Valongo, apresentaram um conjunto de dados cartogr\u00e1ficos que revelam a exist\u00eancia de centenas de minas abandonadas, espalhadas por todas as serras do concelho, muitas das quais n\u00e3o constavam dos anteriores instrumentos de gest\u00e3o territorial.<\/div><div style=\"letter-spacing: normal; margin: 0px; padding: 0px; font-family: Questrial; text-align: justify; white-space: pre-line; line-height: 0.5;\" data-line-height=\"0.5\">\u00a0<\/div><div><img fetchpriority=\"high\" decoding=\"async\" class=\"alignright\" src=\"https:\/\/www.gem.pt\/wp-content\/uploads\/2020\/05\/Projetos_7_1.jpg\" alt=\"\" width=\"462\" height=\"450\" \/><\/div><div style=\"letter-spacing: normal; margin: 0px; padding: 0px; font-family: Questrial; text-align: justify; white-space: pre-line;\">Em trabalho mais recente, inventariamos as explora\u00e7\u00f5es mineiras de uma parte da vertente Oeste da Serra de Santa Justa, onde se apresenta um mapa com atualiza\u00e7\u00e3o das cavidades a\u00ed existentes, em especial as que se encontram em subsolo, com a respetiva topografia, fotografias e an\u00e1lise morfol\u00f3gica comparativa. Desta forma pudemos aferir a sobreposi\u00e7\u00e3o de trabalhos de minera\u00e7\u00e3o de v\u00e1rias \u00e9pocas na mesma cavidade, a utiliza\u00e7\u00e3o das \u00e1guas presas em minas para apoio \u00e0 agricultura e a elimina\u00e7\u00e3o de alguns vest\u00edgios da minera\u00e7\u00e3o por via da floresta\u00e7\u00e3o intensiva.<\/div><div style=\"letter-spacing: normal; margin: 0px; padding: 0px; font-family: Questrial; text-align: justify; white-space: pre-line; line-height: 0.5;\" data-line-height=\"0.5\">\u00a0<\/div><div style=\"letter-spacing: normal; margin: 0px; padding: 0px; font-family: Questrial; text-align: justify; white-space: pre-line;\">Devido \u00e0 vastid\u00e3o do territ\u00f3rio a investigar, est\u00e1 em curso um novo projeto parcelar, para a mesma Serra, no intuito de compilar a longo prazo, uma cartografia tem\u00e1tica de toda a serra, com representa\u00e7\u00e3o das cavidades abandonadas em subsolo.<\/div><div style=\"letter-spacing: normal; margin: 0px; padding: 0px; font-family: Questrial; text-align: justify; white-space: pre-line; line-height: 0.5;\" data-line-height=\"0.5\">\u00a0<\/div><div style=\"letter-spacing: normal; margin: 0px; padding: 0px; font-family: Questrial; text-align: justify; white-space: pre-line;\">A \u00e1rea proposta para este projeto espeleol\u00f3gico tem aproximadamente 2ha, delimitado a Este, pelo Rio Sim\u00e3o, a Sul pela Rua de Couce, a Oeste sem delimita\u00e7\u00e3o espec\u00edfica e a Norte pela Ribeira do Inferno.<\/div><div style=\"letter-spacing: normal; margin: 0px; padding: 0px; font-family: Questrial; text-align: justify; white-space: pre-line; line-height: 0.5;\" data-line-height=\"0.5\">\u00a0<\/div><div style=\"letter-spacing: normal; margin: 0px; padding: 0px; font-family: Questrial; text-align: justify; white-space: pre-line;\">Segundo o PDM publicado na p\u00e1gina Web da C.M.Valongo, no que concerne \u00e0 carta de Sistema Patrimonial, est\u00e3o assinalados alguns vest\u00edgios de minera\u00e7\u00e3o referidos no relat\u00f3rio Arqueol\u00f3gico do mesmo plano, sendo muito vaga a sua localiza\u00e7\u00e3o, morfologia e extens\u00e3o.<\/div><div style=\"letter-spacing: normal; margin: 0px; padding: 0px; font-family: Questrial; text-align: justify; white-space: pre-line;\"><span style=\"caret-color: #e78b00; color: #e78b00; font-size: 20px; text-align: left;\">\u00a0<\/span><\/div><div style=\"letter-spacing: normal; margin: 0px; padding: 0px; font-family: Questrial; text-align: justify; white-space: pre-line;\"><span style=\"caret-color: #e78b00; color: #e78b00; font-size: 20px; text-align: left;\">Objetivo<\/span><\/div><div style=\"letter-spacing: normal; margin: 0px; padding: 0px; font-family: Questrial; text-align: justify; white-space: pre-line;\">Explora\u00e7\u00e3o espeleol\u00f3gica de todas as minas prospetadas na \u00e1rea do projeto, nomeadamente as que j\u00e1 se encontram referidas na Carta do Fomento Mineiro (1961):<\/div><div style=\"letter-spacing: normal; margin: 0px; padding: 0px; font-family: Questrial; text-align: justify; white-space: pre-line; line-height: 0.5;\" data-line-height=\"0.5\">\u00a0<\/div><div style=\"letter-spacing: normal; margin: 0px; padding: 0px 0px 0px 40px; font-family: Questrial; text-align: justify; white-space: pre-line;\">Mina das \u00e1guas f\u00e9rreas; Fojo do Sard\u00e3o; Fojo do Castro; Fojo dos 9 po\u00e7os; Fojo da linha de \u00e1gua; Fojo da Andorinha; Fojo dos Moinhos; Fojo dos 7 Po\u00e7os; Fojo do Amieiro; Fojo bra\u00e7o de mar; Fojo das Trincheiras; Fojo das Giestas; Fojo do Ingl\u00eas; Casa da Orca; Fojo dos Eucaliptos; Fojo do Castro.<\/div><div style=\"letter-spacing: normal; margin: 0px; padding: 0px; font-family: Questrial; text-align: justify; white-space: pre-line;\">\u00a0<\/div><div style=\"letter-spacing: normal; margin: 0px; padding: 0px; caret-color: #000000; color: #000000; font-family: Questrial; text-align: justify; white-space: pre-line;\"><span style=\"caret-color: #e78b00; color: #e78b00; font-size: 20px; text-align: left;\">Localiza\u00e7\u00e3o<\/span><\/div><div style=\"letter-spacing: normal; margin: 0px; padding: 0px; caret-color: #000000; color: #000000; font-family: Questrial; text-align: justify; white-space: pre-line;\"><span style=\"caret-color: #e78b00; color: #e78b00; font-size: 20px; text-align: left;\"><img decoding=\"async\" class=\"aligncenter\" src=\"https:\/\/www.gem.pt\/wp-content\/uploads\/2020\/05\/Projetos_7_2.png\" alt=\"\" width=\"631\" height=\"417\" \/><\/span><\/div><div style=\"letter-spacing: normal; margin: 0px; padding: 0px; caret-color: #000000; color: #000000; font-family: Questrial; white-space: pre-line; text-align: center;\"><span style=\"caret-color: #e78b00; color: #e78b00; font-size: 20px; text-align: left;\">\u00a0<\/span><span style=\"font-size: 14px; text-align: center;\">Mapa 1: Localiza\u00e7\u00e3o aproximada sobre extrato da Carta Sistema Patrimonial do PDMV<\/span><\/div><div style=\"letter-spacing: normal; margin: 0px; padding: 0px; caret-color: #000000; color: #000000; font-family: Questrial; text-align: justify; white-space: pre-line;\"><span style=\"caret-color: #e78b00; color: #e78b00; font-size: 20px; text-align: left;\">\u00a0<\/span><\/div><div style=\"letter-spacing: normal; margin: 0px; padding: 0px; caret-color: #000000; color: #000000; font-family: Questrial; text-align: justify; white-space: pre-line;\"><span style=\"caret-color: #e78b00; color: #e78b00; font-size: 20px; text-align: left;\">Metodologias de registo<\/span><\/div><div style=\"letter-spacing: normal; margin: 0px; padding: 0px; caret-color: #000000; color: #000000; font-family: Questrial; text-align: justify; white-space: pre-line;\">Prospe\u00e7\u00e3o, georreferencia\u00e7\u00e3o, levantamento topogr\u00e1fico, registo fotogr\u00e1fico, produ\u00e7\u00e3o e an\u00e1lise cartogr\u00e1fica em SIG.<\/div><div style=\"letter-spacing: normal; margin: 0px; padding: 0px; caret-color: #000000; color: #000000; font-family: Questrial; text-align: justify; white-space: pre-line;\">\u00a0<\/div><div style=\"letter-spacing: normal; margin: 0px; padding: 0px; caret-color: #000000; color: #000000; font-family: Questrial; text-align: justify; white-space: pre-line;\"><span style=\"caret-color: #e78b00; color: #e78b00; font-size: 20px; text-align: left;\">Metodologias de explora\u00e7\u00e3o<\/span><\/div><div style=\"letter-spacing: normal; margin: 0px; padding: 0px; caret-color: #000000; color: #000000; font-family: Questrial; text-align: justify; white-space: pre-line;\">Normativas da Federa\u00e7\u00e3o Portuguesa de Espeleologia em mat\u00e9rias de seguros, seguran\u00e7a, equipagens, progress\u00e3o, equipamentos coletivos e equipamentos de prote\u00e7\u00e3o individual.<\/div><div style=\"letter-spacing: normal; margin: 0px; padding: 0px; caret-color: #000000; color: #000000; font-family: Questrial; text-align: justify; white-space: pre-line;\">\u00a0<\/div><div style=\"letter-spacing: normal; margin: 0px; padding: 0px; caret-color: #000000; color: #000000; font-family: Questrial; text-align: justify; white-space: pre-line;\"><span style=\"caret-color: #e78b00; color: #e78b00; font-size: 20px; text-align: left;\">Fontes<\/span><\/div><ul><li style=\"letter-spacing: normal; caret-color: #000000; color: #000000; font-family: Questrial; text-align: justify; white-space: pre-line;\">Plano Diretor Municipal de Valongo (PDM).<\/li><li style=\"letter-spacing: normal; caret-color: #000000; color: #000000; font-family: Questrial; text-align: justify; white-space: pre-line;\">Cartas Militares de Portugal Esc.-1\/25000.<\/li><li style=\"letter-spacing: normal; caret-color: #000000; color: #000000; font-family: Questrial; text-align: justify; white-space: pre-line;\">Carta Geol\u00f3gica de Portugal Esc.-1\/50000.<\/li><li style=\"letter-spacing: normal; caret-color: #000000; color: #000000; font-family: Questrial; text-align: justify; white-space: pre-line;\">Levantamento topogr\u00e1fico do Servi\u00e7o Fomento Mineiro (1961).<\/li><li style=\"letter-spacing: normal; caret-color: #000000; color: #000000; font-family: Questrial; text-align: justify; white-space: pre-line;\">Levantamento topogr\u00e1fico do ARCM, &#8220;Galeria das Linhas de \u00c1gua&#8221; Esc.-1\/500, 2012.<span style=\"caret-color: #e78b00; color: #e78b00; font-size: 20px; text-align: left;\">\u00a0<\/span><\/li><\/ul><div style=\"letter-spacing: normal; margin: 0px; padding: 0px; caret-color: #000000; color: #000000; font-family: Questrial; text-align: justify; white-space: pre-line;\"><span style=\"caret-color: #e78b00; color: #e78b00; font-size: 20px; text-align: left;\">Bibliografia<\/span><\/div><ul><li style=\"letter-spacing: normal; caret-color: #000000; color: #000000; font-family: Questrial; text-align: justify; white-space: pre-line; font-size: 12px;\"><span style=\"font-size: 14px;\">Aguiar, P., Ferreira, P., Leite, A., Vieira, H. (2015): Resultado preliminar do invent\u00e1rio e cartografia de cavidades artificiais na vertente Oeste da Serra de Santa Justa &#8211; Valongo (PORTUGAL); Alvados; 6\u00ba Congresso Nacional de Espeleologia 3 e 4 Outubro 2015.<\/span><\/li><li style=\"letter-spacing: normal; caret-color: #000000; color: #000000; font-family: Questrial; text-align: justify; white-space: pre-line; font-size: 12px;\"><span style=\"font-size: 14px;\">Baptista, L., Fonseca, V., Rodrigues, L., Teixeira, R. (2005): Resultados preliminares da interven\u00e7\u00e3o arqueol\u00f3gica na Quinta da Ivanta, Valongo. Actas do 3\u00ba Simp\u00f3sio sobre minera\u00e7\u00e3o e metalurgia hist\u00f3ricas no Sudoeste Europeu SEDPGYM; Porto.<\/span><\/li><li style=\"letter-spacing: normal; caret-color: #000000; color: #000000; font-family: Questrial; text-align: justify; white-space: pre-line; font-size: 12px;\"><span style=\"font-size: 14px;\">Carvalho, A.; Monteiro, A.; Baptista, L.; Monteiro, T.; Gandra, V (2005): As minas de ouro romanas das serras de Valongo &#8211; Uma vis\u00e3o do seu interior. Actas do 3\u00ba Simp\u00f3sio sobre minera\u00e7\u00e3o e metalurgia hist\u00f3ricas no Sudoeste Europeu SEDPGYM; Porto.<\/span><\/li><li style=\"letter-spacing: normal; caret-color: #000000; color: #000000; font-family: Questrial; text-align: justify; white-space: pre-line; font-size: 12px;\"><span style=\"font-size: 14px;\">Carvalho, S.; Ferreira, O. (1954); Algumas Lavras aur\u00edferas Romanas; Estudos Notas e Trabalhos do Servi\u00e7o de Fomento Mineiro. &#8211; vol. IX, fasc. 1-4.<\/span><\/li><li style=\"letter-spacing: normal; caret-color: #000000; color: #000000; font-family: Questrial; text-align: justify; white-space: pre-line; font-size: 12px;\"><span style=\"font-size: 14px;\">Couto, H. (1993): As mineraliza\u00e7\u00f5es de Sb-Au da regi\u00e3o D\u00farico-Beir\u00e3, 2 Vol. Porto: FCUP. Tese de Doutoramento.<\/span><\/li><li style=\"letter-spacing: normal; caret-color: #000000; color: #000000; font-family: Questrial; text-align: justify; white-space: pre-line; font-size: 12px;\"><span style=\"font-size: 14px;\">Couto, H. (2014): Ouro explorado pelos Romanos em Valongo: controlos das mineraliza\u00e7\u00f5es aur\u00edferas; Actas do 1\u00ba Congresso de Minera\u00e7\u00e3o Romana em Valongo; 7\/8 Novembro.<\/span><\/li><li style=\"letter-spacing: normal; caret-color: #000000; color: #000000; font-family: Questrial; text-align: justify; white-space: pre-line; font-size: 12px;\"><span style=\"font-size: 14px;\">Domergue, C. (1987): Catalogue des mines et fonderies antiques de la P\u00e9ninsule Ib\u00e9rique. Editorial Casa de Vel\u00e1zquez, Madrid. S\u00e9rie Arch\u00e9ologie, VIII.<\/span><\/li><li style=\"letter-spacing: normal; caret-color: #000000; color: #000000; font-family: Questrial; text-align: justify; white-space: pre-line; font-size: 12px;\"><span style=\"font-size: 14px;\">Lima, A., Mat\u00edas, R., Fonte, J; ARCM (2014): A explora\u00e7\u00e3o de Dep\u00f3sitos Secund\u00e1rios de ouro nas Serras de Santa Justa e Pias (Munic\u00edpio de Valongo); Actas do 1\u00ba Congresso de Minera\u00e7\u00e3o Romana em Valongo; 7\/8 Novembro.<\/span><\/li><li style=\"letter-spacing: normal; caret-color: #000000; color: #000000; font-family: Questrial; text-align: justify; white-space: pre-line; font-size: 12px;\"><span style=\"font-size: 14px;\">Maricato, C. (2001): A Minera\u00e7\u00e3o Romana no extremo ocidental do Imp\u00e9rio; Editorial Associa\u00e7\u00e3o de Estudos Subterr\u00e2neos e Defesa do Ambiente, Torres Novas. Trogle 3.<\/span><\/li><li style=\"letter-spacing: normal; caret-color: #000000; color: #000000; font-family: Questrial; text-align: justify; white-space: pre-line; font-size: 12px;\"><span style=\"font-size: 14px;\">Martins, C. (2008): Explora\u00e7\u00e3o aur\u00edfera romana em Portugal. F\u00e9rvedes 5. Vilalba. ISSN1134-6787<\/span><\/li><li style=\"letter-spacing: normal; caret-color: #000000; color: #000000; font-family: Questrial; text-align: justify; white-space: pre-line; font-size: 12px;\"><span style=\"font-size: 14px;\">Mat\u00edas, R. (2004): El complejo minero de Llamas de Cabrera, L\u00e9on. www.traianvs.net.<\/span><\/li><li style=\"letter-spacing: normal; caret-color: #000000; color: #000000; font-family: Questrial; text-align: justify; white-space: pre-line; font-size: 12px;\"><span style=\"font-size: 14px;\">Mat\u00edas, R., Fonte, J., Lima, A., Monteiro, A.,Gandra,V., Moutinho, J.,Silva, J., AGUIAR, P., (submetido): Evid\u00eancias de miner\u00eda hidr\u00e1ulica romana en la sierra de Pias (Valongo, Portugal); XV Congresso Internacional sobre patrim\u00f3nio geol\u00f3gico y minero; XIX Sesi\u00f3n cient\u00edfica de la SEDPGYM. Logrosan (C\u00e1ceres), 28-28 de Septiembre del 2014.<\/span><\/li><li style=\"letter-spacing: normal; caret-color: #000000; color: #000000; font-family: Questrial; text-align: justify; white-space: pre-line; font-size: 12px;\"><span style=\"font-size: 14px;\">Parise, M.: Galeazzi, C.; Bixio, R.; Dixon, M. (2013): Classification of Artificial cavities: A first contribution by UIS comission. Speleological Research and Activities in Artificial Underground; Proceedings 16th International Congress of Speleology, Brno (Czech Republic), July 21 -28, 2013.<\/span><\/li><\/ul><\/div>\t\t\t\t\t\t\t\t<\/div>\n\t\t\t\t<\/div>\n\t\t\t\t\t<\/div>\n\t\t<\/div>\n\t\t\t\t\t<\/div>\n\t\t<\/section>\n\t\t\t\t<\/div>\n\t\t","protected":false},"excerpt":{"rendered":"<p>\u00a0 Projeto Espeleol\u00f3gico-ValongoContributo para o conhecimento do patrim\u00f3nio mineiro do concelho de Valongo &#8211; explora\u00e7\u00e3o espeleol\u00f3gica da vertente Nordeste da Serra de Sta. JustaEntidade:\u00a0GEM &#8211; Grupo de Espeleologia e MontanhismoCoordena\u00e7\u00e3o:\u00a0(N3) Pedro Aguiar, (N2) Andr\u00e9 Leite, (N2) Eduardo Vieira, (N2) Pedro Ferreira\u00a0 \u00a0Introdu\u00e7\u00e3oValongo, Paredes e Gondomar, s\u00e3o tr\u00eas conselhos parcialmente inseridos no distrito mineiro Durico-Beir\u00e3o, alvo [&hellip;]<\/p>\n","protected":false},"author":1,"featured_media":0,"parent":850,"menu_order":7,"comment_status":"closed","ping_status":"closed","template":"","meta":{"footnotes":""},"class_list":["post-1028","page","type-page","status-publish","hentry"],"_links":{"self":[{"href":"https:\/\/www.gem.pt\/1\/wp-json\/wp\/v2\/pages\/1028","targetHints":{"allow":["GET"]}}],"collection":[{"href":"https:\/\/www.gem.pt\/1\/wp-json\/wp\/v2\/pages"}],"about":[{"href":"https:\/\/www.gem.pt\/1\/wp-json\/wp\/v2\/types\/page"}],"author":[{"embeddable":true,"href":"https:\/\/www.gem.pt\/1\/wp-json\/wp\/v2\/users\/1"}],"replies":[{"embeddable":true,"href":"https:\/\/www.gem.pt\/1\/wp-json\/wp\/v2\/comments?post=1028"}],"version-history":[{"count":0,"href":"https:\/\/www.gem.pt\/1\/wp-json\/wp\/v2\/pages\/1028\/revisions"}],"up":[{"embeddable":true,"href":"https:\/\/www.gem.pt\/1\/wp-json\/wp\/v2\/pages\/850"}],"wp:attachment":[{"href":"https:\/\/www.gem.pt\/1\/wp-json\/wp\/v2\/media?parent=1028"}],"curies":[{"name":"wp","href":"https:\/\/api.w.org\/{rel}","templated":true}]}}